ative of 0*h - 2/3*h**3 + 1/2*h**2 + x*h**4 - 2. What is b(1)?
4
Let d(k) = -k + 9. Let l = -699 + 707. What is d(l)?
1
Suppose -5*o + 84 = 69. Let x(q) = 7*q + 13 - 19 - q**3 + 3*q - 4*q + o*q**2. Calculate x(4).
2
Let d(n) be the second derivative of 3*n**3/2 + n**2/2 - 25*n. Let o(q) = q**3 - 4*q**2 - 2*q + 5. Let h be o(4). Let b be (h/6)/(2/(-4)). Calculate d(b).
10
Let s(c) = -c**2 + 9*c - 8. Let l(u) = u**2 + 7*u - 11. Let t be l(2). What is s(t)?
6
Let j(r) = 2*r + 10 - r + 1 + 5 - r**3 - 14*r**2. Determine j(-14).
2
Let c(j) = -j**3 + 8*j**2 + 10*j - 8. Let n be c(9). Let f = -8 + 15. Let h(q) = -5 - 2 + 4 - f*q + 4. Determine h(n).
-6
Let g(o) = -3*o + 18. Let w be g(8). Let k be (-15)/(-6) - (-9)/w. Let z(l) be the first derivative of l**3/3 + 1. Determine z(k).
1
Let t = -104 - -106. Let i(x) = -3*x + 2. Determine i(t).
-4
Suppose 0 = -17*x + 22 + 29. Let p(h) = -13*h + 2 - 2*h**3 + 5*h**2 - 6*h + 16*h + 0*h**x. Give p(3).
-16
Let q(a) = -a. Let z(y) = -y**3 - 7*y**2 - y - 6. Let c be z(-7). Let u(d) = -9*d - 4. Let t(o) = c*u(o) - 4*q(o). Give t(3).
-19
Let g be (3/(-1))/((-5)/(-10)). Let a be g/18 + (-21)/(-9). Let v be 8 + -6 + (0 - a). Let p(r) = r**2 - r + 9. Determine p(v).
9
Let v(g) be the third derivative of -g**4/24 - 2*g**3/3 - g**2 - 17*g. Determine v(2).
-6
Let f(n) = 9*n - 53*n + 20*n. Give f(-1).
24
Let p(z) = -5*z - 11. Let m(i) = i. Let c(d) = 6*m(d) + p(d). What is c(9)?
-2
Let y(b) be the second derivative of -b**5/20 - b**4/12 - b**2/2 - 13*b + 3. Calculate y(-2).
3
Let h(v) = v - 10. Let i = 238 - 245. Determine h(i).
-17
Let l(d) = -5*d + 3. Suppose 0*j = j - 11. Let q = -11 + j. Suppose 17 = v + 5*g, q*v - 10 = v - 4*g. Calculate l(v).
-7
Let d(r) = r**2 - 10*r - 1. Let g(n) = -4*n**2 + 9*n + 17*n**2 - 14*n**2. Let a(m) = -2*d(m) - 3*g(m). Determine a(5).
-8
Let s(v) be the first derivative of -v**2/2 - 12*v + 67. What is s(-10)?
-2
Let f(o) = -4*o - 1. Let s(k) = -k - 2. Let d(h) = -h**2 - 5*h - 6. Let i be d(-5). Let y be s(i). Suppose -5*r = -7*r + y. Give f(r).
-9
Suppose 61*v - 176 = 17*v. Let c(o) be the third derivative of 0 - 1/6*o**v - 1/60*o**5 - 1/2*o**3 - 9*o**2 + 0*o. Give c(-3).
0
Let d(g) be the third derivative of -g**4/8 - 32*g**2. Suppose -2*i - 3*i - 13 = 3*m, -4*m + 4*i + 4 = 0. Let k(b) = 2*b - 1. Let u be k(m). Give d(u).
9
Let n be (-52)/(-65)*(1 + 4). Let s(r) = 4 + 50*r**3 + 5*r**2 - 27*r**3 - 22*r**3 - n*r. Give s(-6).
-8
Let o(d) = -4*d**2 - 2*d + 2. Let n(q) = 11*q**2 + 6*q - 6. Let w(v) = 3*n(v) + 8*o(v). Suppose b - t + 10 = -2*t, -5*t = 3*b + 38. Determine w(b).
22
Let u(n) = n**3 + 15*n**2 - 9*n - 11. Let h(a) = -5*a**3 - 76*a**2 + 49*a + 56. Let p(m) = -2*h(m) - 11*u(m). Give p(-13).
-4
Let g(j) = -4*j**2 + 10*j + 17. Let y(c) = 7*c**2 - 19*c - 33. Let o(p) = 5*g(p) + 3*y(p). What is o(9)?
4
Let t(s) = -298*s + 90*s + 90*s + 9 + 123 + 97*s. Give t(6).
6
Let o(w) = -5*w**3 - 2*w**2 - 6*w + 5. Let b(h) = 6*h**3 + 3*h**2 + 11*h - 9. Let m(d) = 4*b(d) + 7*o(d). What is m(1)?
-12
Let o(m) = -29*m - 37*m - 33*m + 92*m - 6. What is o(0)?
-6
Let n(w) = 11*w**2 - 3*w + 4. Let y(f) = 46*f**2 - 13*f + 17. Let m(z) = -25*n(z) + 6*y(z). Let k(s) = s**2 - s. Let j be k(3). Determine m(j).
20
Let g be 7 + (3 - 11) + 13. Let d(a) = a**2 - 15*a + 50. Calculate d(g).
14
Let h be 6 + 1482/15 - 4/5. Let g(y) = -13*y + h - 100 + 2*y. Give g(3).
-29
Let i be -2 + (4 - (-2)/(-2)). Let l(b) = -i - b - b - b + 2*b. Give l(-2).
1
Let s(y) = 0*y**3 + 3*y**2 - y**3 + y + 0*y**3 + 2. Suppose 17 - 2 = 5*h. Let g be (h/((-15)/8))/((-10)/25). What is s(g)?
-10
Let h(n) be the second derivative of -11*n - 1/3*n**4 + 1/20*n**5 + 0 - 5/2*n**2 - 1/6*n**3. Give h(4).
-9
Let a = 84 - 82. Let y(g) = g**2 - 2*g**3 - 3*g**2 + g**3. Determine y(a).
-16
Let n(q) be the second derivative of -q**3/2 + q**2/2 - q. Suppose 0 = 3*u - 2*o - 429 + 62, -5*u - 4*o = -641. Let y = u + -126. Give n(y).
4
Let u be 216/(-12) - (7 + -12). Let x(b) = -b**2 - 16*b - 6. What is x(u)?
33
Let r(z) be the third derivative of z**8/6720 - z**7/504 + z**6/240 - z**5/120 - 7*z**4/12 + 34*z**2. Let p(i) be the second derivative of r(i). Give p(3).
-10
Suppose 2*n - 8*n + 42 = 0. Suppose -4*o + 5*w = 21 - n, w = -5*o - 32. Let g(l) = -l**3 - 7*l**2 - 5*l + 8. Calculate g(o).
2
Let j(r) = -r**3 + 6*r**2 - 5*r. Let t be j(5). Let u(a) = -a + 3 + t*a + 3*a. Let d be ((-10)/(-15))/((-6)/27). Calculate u(d).
-3
Let i = 15 + -11. Suppose c + i*s - 5 = 2*c, -2*s = 4*c - 16. Let x(r) be the first derivative of r**4/4 - r**3 - 3*r**2/2 + 3*r - 7. What is x(c)?
-6
Let v(z) = 5*z**2 - 6*z + 2. Let l(m) = 4*m**2 - 5*m + 2. Let g(c) = -6*l(c) + 5*v(c). Determine g(-3).
7
Let v(p) = p**3 + 7*p**2 - 4*p - 4. Let g be v(-7). Let j = g + -16. Let z(r) = -2*r**2 - r**3 - 2 - 12*r**2 + 2*r**3 + j*r**2. Give z(6).
-2
Let n(a) = -2*a + 1. Let i = 30 + -40. Let j = -6 - i. What is n(j)?
-7
Let b(r) = -r**3 + 14*r**2 - 8*r - 7. Let s be b(13). Let x(w) = 29*w**2 - 2*w - 5 + 33*w**2 + 3 - s*w**2. Determine x(2).
10
Let c(d) be the first derivative of -12 - 3/2*d**2 + 0*d. What is c(-2)?
6
Let r(b) = -3*b**2 - 2*b + 2. Let a(t) = -t**2 - 8*t + 20. Let x be a(-10). Let u be (-1 - (x + 1)) + (-22)/22. What is r(u)?
-19
Suppose 4*y + 3 - 4 = 5*v, 3*v - y = 5. Let j(m) = 4*m - 2. Let g(c) = -c - 5 + 2 + 3. Let a(q) = -5*g(q) - j(q). What is a(v)?
5
Let b(v) = -v**3 - 4*v**2 - 2*v - 3. Let u = -41 + 66. Suppose 3*f + 116 = 4*p, -5*f - p = 12 + 166. Let i be f/10 - 10/u. What is b(i)?
5
Let p(r) = r**3 - 10*r**2 - 11*r + 8. Let w(k) = -9*k - 16. Let y be w(-3). Calculate p(y).
8
Suppose 4*w + 5*r - 24 = 0, 5*r + 6 = w - 0*r. Let h(m) = 5*m**2 - 4*m**2 + m**3 - 2*m**2 - 3*m - 4*m**2. Give h(w).
18
Let v(k) = -k**2 - 22*k - 13. Let c be (-1)/(((-63)/49)/(-3))*9. What is v(c)?
8
Let h(w) = -w**2 - 7*w + 7. Let j be (-8)/3*6*1/2. Determine h(j).
-1
Let a(s) = -s**3 - 2*s**2 - s - 1. Let u(t) = -13*t**3 - 11*t**2 - 5*t - 5. Let p(g) = -5*a(g) + u(g). Determine p(1).
-9
Let f(k) = k**2 - 8*k. Let d = -31 + 40. Give f(d).
9
Let z be (6/(-9))/(-2 + 120/63). Let j(f) = -z*f + 2*f - 12 + 13. Give j(1).
-4
Let y = -627 + 624. Let z(g) = 3*g**2 + 2*g - 3. Calculate z(y).
18
Let r(d) be the second derivative of d**4/6 + d**3/3 + d**2/2 + 3*d. Suppose -w - 7 = -x, -10*w = -6*w + 2*x - 2. What is r(w)?
5
Let c(m) = -m**3 + 5*m**2 - 2*m + 5. Suppose p - 4*s + 73 = -2*s, -3*s = 3*p + 210. Let u = 75 + p. Determine c(u).
13
Let k(a) = a**2 + 3*a + 4. Let u = -14 - -12. Let z be -1 + -8 + 4 - u. Determine k(z).
4
Let o(f) = f**2 + 4*f + 3. Let r be -4*12/(-8)*2. Suppose 5*n = -4*t + 3*n - r, 0 = 4*n. Give o(t).
0
Let w(y) = 30*y**2 + 4*y - y**3 + 2 - 25*y**2 + 0*y**3 + 2*y**3. Let a = -143 - -139. Give w(a).
2
Let j = -166 + 167. Let t(u) = -12*u**2. Determine t(j).
-12
Let h(i) = -i**3 - 3*i**2 - i + 3. Let t(b) = -b**3 + 9*b**2 - 14*b - 3. Let w be t(7). What is h(w)?
6
Let g(s) = -2*s**2 - s + 3. Let k = -1527 - -1525. What is g(k)?
-3
Suppose 0 = -2*r - s - 9, -2*r = 3*r + 4*s + 18. Let v(q) = -2*q**2 - 12*q + 2. Determine v(r).
2
Let i(f) = f**2 - 7*f - 2. Suppose 1 = w + 8. Let c be w/((-21)/12) + 4. Determine i(c).
6
Let g(y) be the second derivative of y**5/5 + y**3/3 - y**2/2 - 4*y. Let i(o) = o**3 + 36*o**2 - 37*o + 1. Let m be i(-37). What is g(m)?
5
Let t = -23 - -21. Let i(m) be the second derivative of -m**4/6 + m**2 + 2*m + 181. Calculate i(t).
-6
Suppose 4*z + 8*a - 60 = 9*a, 12 = 2*z - 5*a. Let m(t) = -t**3 + 15*t**2 + 12*t - 4. Determine m(z).
-68
Suppose -3*r = -57 - 21. Let c(i) = -6*i - 27 - 6*i**2 + r + 7*i**2. Determine c(7).
6
Let f(d) = -42*d**3 - 1 + 2*d**2 - 44*d**3 + 84*d**3 + 0 - 3*d**2 - d. Calculate f(-2).
13
Let c be (-10)/55 - 92/(-22). Let b = c + -3. Suppose -v + 5 = -b. Let s(z) = z**2 - 7*z. Calculate s(v).
-6
Let y(j) = j**3 - 10*j**2 + 3. Let t be y(10). Let u(n) = -152 + 2*n + 151 - 2*n**2 + n**3 - 6*n. Calculate u(t).
-4
Let t(a) be the first derivative of 8*a**2 - 2*a - 237. Determine t(2).
30
Let d(o) = o**3 - 13*o**2 + 7. Let s(y) = y**2 - 38*y - 67. Let i be s(40). Calculate d(i).
7
Let i be (-6)/33 - ((-6560)/(-44))/5. Let b = 24 + i. Let h(j) = -j**3 - 7*j**2 - 5*j - 1. Calculate h(b).
-7
Let u(l) = -12*l - 1. Suppose -25*x = -29*x + 44. Supp